{"id":177,"date":"2019-01-16T12:11:49","date_gmt":"2019-01-16T12:11:49","guid":{"rendered":"http:\/\/drohnenserviceusedom.de\/?page_id=177"},"modified":"2019-03-14T20:00:11","modified_gmt":"2019-03-14T20:00:11","slug":"immobilien","status":"publish","type":"page","link":"https:\/\/drohnenserviceusedom.de\/?page_id=177","title":{"rendered":"Immobilien"},"content":{"rendered":"\n<figure class=\"wp-block-image\"><img loading=\"lazy\" width=\"512\" height=\"250\" src=\"http:\/\/drohnenserviceusedom.de\/wp-content\/uploads\/2019\/03\/Hausoben.jpg\" alt=\"\" class=\"wp-image-231\" srcset=\"https:\/\/drohnenserviceusedom.de\/wp-content\/uploads\/2019\/03\/Hausoben.jpg 512w, https:\/\/drohnenserviceusedom.de\/wp-content\/uploads\/2019\/03\/Hausoben-300x146.jpg 300w, https:\/\/drohnenserviceusedom.de\/wp-content\/uploads\/2019\/03\/Hausoben-400x195.jpg 400w\" sizes=\"(max-width: 512px) 100vw, 512px\" \/><\/figure>\n\n\n\n<h5>Ihr Geb\u00e4ude von oben<\/h5>\n\n\n\n<p class=\"has-small-font-size\">Einmal ihr Geb\u00e4ude von oben betrachten, kein Problem, ob hochaufl\u00f6sende Fotos\/Videos bis zu 4K oder sogar ein 360\u00b0 Panorama, es ist alles m\u00f6glich.<br>-Webseiten<br>-Dokumentation von Bauvorhaben<br>-Werbung<br>-Inspektionen von D\u00e4chern zB f\u00fcr Versicherungen <br><br><\/p>\n\n\n\n<figure class=\"wp-block-image\"><img loading=\"lazy\" width=\"512\" height=\"250\" src=\"http:\/\/drohnenserviceusedom.de\/wp-content\/uploads\/2019\/03\/Baustelle.jpg\" alt=\"\" class=\"wp-image-245\" srcset=\"https:\/\/drohnenserviceusedom.de\/wp-content\/uploads\/2019\/03\/Baustelle.jpg 512w, https:\/\/drohnenserviceusedom.de\/wp-content\/uploads\/2019\/03\/Baustelle-300x146.jpg 300w, https:\/\/drohnenserviceusedom.de\/wp-content\/uploads\/2019\/03\/Baustelle-400x195.jpg 400w\" sizes=\"(max-width: 512px) 100vw, 512px\" \/><\/figure>\n","protected":false},"excerpt":{"rendered":"<p>Ihr Geb\u00e4ude von oben Einmal ihr Geb\u00e4ude von oben betrachten, kein Problem, ob hochaufl\u00f6sende Fotos\/Videos bis zu 4K oder sogar ein 360\u00b0 Panorama, es ist alles m\u00f6glich.-Webseiten-Dokumentation von Bauvorhaben-Werbung-Inspektionen von D\u00e4chern zB f\u00fcr Versicherungen<\/p>\n","protected":false},"author":1,"featured_media":0,"parent":0,"menu_order":0,"comment_status":"closed","ping_status":"closed","template":"","meta":[],"_links":{"self":[{"href":"https:\/\/drohnenserviceusedom.de\/index.php?rest_route=\/wp\/v2\/pages\/177"}],"collection":[{"href":"https:\/\/drohnenserviceusedom.de\/index.php?rest_route=\/wp\/v2\/pages"}],"about":[{"href":"https:\/\/drohnenserviceusedom.de\/index.php?rest_route=\/wp\/v2\/types\/page"}],"author":[{"embeddable":true,"href":"https:\/\/drohnenserviceusedom.de\/index.php?rest_route=\/wp\/v2\/users\/1"}],"replies":[{"embeddable":true,"href":"https:\/\/drohnenserviceusedom.de\/index.php?rest_route=%2Fwp%2Fv2%2Fcomments&post=177"}],"version-history":[{"count":5,"href":"https:\/\/drohnenserviceusedom.de\/index.php?rest_route=\/wp\/v2\/pages\/177\/revisions"}],"predecessor-version":[{"id":246,"href":"https:\/\/drohnenserviceusedom.de\/index.php?rest_route=\/wp\/v2\/pages\/177\/revisions\/246"}],"wp:attachment":[{"href":"https:\/\/drohnenserviceusedom.de\/index.php?rest_route=%2Fwp%2Fv2%2Fmedia&parent=177"}],"curies":[{"name":"wp","href":"https:\/\/api.w.org\/{rel}","templated":true}]}}