{"id":169,"date":"2019-01-16T11:52:12","date_gmt":"2019-01-16T11:52:12","guid":{"rendered":"http:\/\/drohnenserviceusedom.de\/?page_id=169"},"modified":"2019-07-08T14:10:04","modified_gmt":"2019-07-08T14:10:04","slug":"landwirtschaft","status":"publish","type":"page","link":"https:\/\/drohnenserviceusedom.de\/?page_id=169","title":{"rendered":"Landwirtschaft"},"content":{"rendered":"\n<figure class=\"wp-block-image\"><img loading=\"lazy\" width=\"512\" height=\"250\" src=\"http:\/\/drohnenserviceusedom.de\/wp-content\/uploads\/2019\/03\/Felder.jpg\" alt=\"\" class=\"wp-image-237\" srcset=\"https:\/\/drohnenserviceusedom.de\/wp-content\/uploads\/2019\/03\/Felder.jpg 512w, https:\/\/drohnenserviceusedom.de\/wp-content\/uploads\/2019\/03\/Felder-300x146.jpg 300w, https:\/\/drohnenserviceusedom.de\/wp-content\/uploads\/2019\/03\/Felder-400x195.jpg 400w\" sizes=\"(max-width: 512px) 100vw, 512px\" \/><\/figure>\n\n\n\n<h5>Fl\u00e4chenanalyse und Tierrettung<\/h5>\n\n\n\n<p class=\"has-small-font-size\">Der Einsatz von Drohnen in der&nbsp;Landwirtschaft bietet einen schnellen \u00dcberblick der bewirtschaftete Felder, Acker und Wiesen. Betrachten&nbsp;Sie ihre Fl\u00e4chen aus einer anderen Perspektive. Gerne stellen wir uns auf Ihre individuellen Bed\u00fcrfnisse ein.<br>Sie erhalten so eine schnelle \u00dcbersicht \u00fcber:<br>-Wildsch\u00e4den<br>-Windsch\u00e4den<br>-Getreidetemperatur<\/p>\n\n\n\n<figure class=\"wp-block-video\"><video controls src=\"https:\/\/drohnenserviceusedom.de\/wp-content\/uploads\/2019\/07\/Rehkitzrettung.mp4\"><\/video><\/figure>\n\n\n\n<p class=\"has-small-font-size\">Ein ganz besondere Punkt ist die <strong>Kitzrettung<\/strong>, die mit Hilfe von Drohnen mit Thermaltechnik schnell und exakt ausgef\u00fchrt werden kann, um Verletzungen oder das T\u00f6ten der Tiere zu vermeiden. <br><br><\/p>\n","protected":false},"excerpt":{"rendered":"<p>Fl\u00e4chenanalyse und Tierrettung Der Einsatz von Drohnen in der&nbsp;Landwirtschaft bietet einen schnellen \u00dcberblick der bewirtschaftete Felder, Acker und Wiesen. Betrachten&nbsp;Sie ihre Fl\u00e4chen aus einer anderen Perspektive. Gerne stellen wir uns auf Ihre individuellen Bed\u00fcrfnisse ein.Sie erhalten so eine schnelle \u00dcbersicht \u00fcber:-Wildsch\u00e4den-Windsch\u00e4den-Getreidetemperatur Ein ganz besondere Punkt ist die Kitzrettung, die mit Hilfe von Drohnen mit Thermaltechnik [&hellip;]<\/p>\n","protected":false},"author":1,"featured_media":0,"parent":0,"menu_order":0,"comment_status":"closed","ping_status":"closed","template":"","meta":[],"_links":{"self":[{"href":"https:\/\/drohnenserviceusedom.de\/index.php?rest_route=\/wp\/v2\/pages\/169"}],"collection":[{"href":"https:\/\/drohnenserviceusedom.de\/index.php?rest_route=\/wp\/v2\/pages"}],"about":[{"href":"https:\/\/drohnenserviceusedom.de\/index.php?rest_route=\/wp\/v2\/types\/page"}],"author":[{"embeddable":true,"href":"https:\/\/drohnenserviceusedom.de\/index.php?rest_route=\/wp\/v2\/users\/1"}],"replies":[{"embeddable":true,"href":"https:\/\/drohnenserviceusedom.de\/index.php?rest_route=%2Fwp%2Fv2%2Fcomments&post=169"}],"version-history":[{"count":6,"href":"https:\/\/drohnenserviceusedom.de\/index.php?rest_route=\/wp\/v2\/pages\/169\/revisions"}],"predecessor-version":[{"id":309,"href":"https:\/\/drohnenserviceusedom.de\/index.php?rest_route=\/wp\/v2\/pages\/169\/revisions\/309"}],"wp:attachment":[{"href":"https:\/\/drohnenserviceusedom.de\/index.php?rest_route=%2Fwp%2Fv2%2Fmedia&parent=169"}],"curies":[{"name":"wp","href":"https:\/\/api.w.org\/{rel}","templated":true}]}}